 964. What is l(-9)?
-152
Let b(g) = -42*g**2 + 3208*g + 10. What is b(0)?
10
Let f(t) = -787*t + 14184. Give f(14).
3166
Let k(w) = -2*w**2 - 57*w - 1065. Determine k(-34).
-1439
Let c(l) = -6957*l - 431324. Determine c(-62).
10
Let v(p) = p**3 - 135*p**2 + 2485*p + 708. Determine v(113).
595
Let j(m) = -14*m**3 - 502*m**2 + 76*m + 120. Give j(-36).
-24
Let u(r) = -21490*r + 193467. What is u(9)?
57
Let m(s) = 4*s**2 + 412*s + 5151. Determine m(-12).
783
Let l(y) = 1830*y - 1. What is l(0)?
-1
Let f(b) = -13*b**2 + 110*b + 96338. What is f(-82)?
-94
Let g(m) = -m**3 - 7*m**2 - 2217*m - 27327. Give g(-12).
-3
Let o(s) = 549*s + 90574. Give o(-165).
-11
Let w(l) = 2*l**3 - 595*l**2 - 111151*l - 94. What is w(-130)?
36
Let h(p) = 14511*p**2 - 2960241*p - 619. Give h(204).
-7
Let h(b) = -b**3 + 196*b**2 - 1744*b + 11424. Give h(187).
17
Let v(f) = -184*f + 12902. Calculate v(74).
-714
Let k(w) = -7*w**2 - 92*w + 9068. Determine k(30).
8
Let l(i) = -101199*i + 809585. Calculate l(8).
-7
Let o(n) = 269*n - 227028. What is o(844)?
8
Let q(r) = -123*r - 16842. Determine q(-137).
9
Let c(t) = -28*t**2 + 7746*t + 18378. Calculate c(279).
-36
Let k(t) = -274942*t + 22820184. Calculate k(83).
-2
Let z(i) = -3*i**3 - 99*i**2 - 689*i - 73. Give z(-23).
-96
Let y(o) = -123*o + 34621. What is y(282)?
-65
Let a(y) = y**3 + 18*y**2 - 16*y - 327. What is a(-19)?
-384
Let r(s) = -s**3 + 36*s**2 - 145*s + 2710. What is r(32)?
2166
Let q(p) = 550*p + 2801. What is q(-5)?
51
Let f(l) = -l**3 + 10*l**2 + 2240*l - 13509. Determine f(6).
75
Let d(h) = -2*h**2 - 3361*h + 16752. What is d(5)?
-103
Let f(u) = 2*u**3 - 159*u**2 - 101*u + 1669. What is f(80)?
-11
Let q(v) = 3*v**2 - 887*v - 30369. Determine q(-31).
11
Let c(r) = 559*r - 865. What is c(2)?
253
Let t(o) = 6*o**2 - 7520*o - 98801. Calculate t(-13).
-27
Let x(u) = -314837*u - 314862. What is x(-1)?
-25
Let z(k) = 245*k**3 - 75*k**2 + 165*k + 3. What is z(2)?
1993
Let v(r) = 353*r**2 + 185679*r + 325. Calculate v(-526).
-201
Let m(z) = 1217*z + 6483. Give m(-5).
398
Let b(q) = -q**2 - 222*q - 7524. What is b(-39)?
-387
Let d(l) = -12*l**2 + 770*l + 8909. Determine d(-10).
9
Let v(u) = -7*u**2 - 801*u + 168. Determine v(-114).
510
Let k(g) = g**3 + 7*g**2 + 19*g + 34. Calculate k(-4).
6
Let g(q) = -2689570*q - 21516569. Calculate g(-8).
-9
Let l(o) = 4059*o + 251550. What is l(-62)?
-108
Let c(s) = s**3 - 8*s**2 + 468*s - 63. What is c(0)?
-63
Let d(i) = -5*i**2 - 239*i + 3397. Calculate d(11).
163
Let s(j) = j**3 + 7*j**2 - 64*j - 557. Give s(-9).
-143
Let a(i) = 23*i - 658. Determine a(17).
-267
Let z(c) = 2*c**2 - 300*c + 8202. Determine z(115).
152
Let q(r) = r**2 + 1293*r - 117308. Calculate q(85).
-178
Let q(a) = -16125*a - 177367. What is q(-11)?
8
Let w(o) = -o**3 + 443*o**2 - 2644*o + 9628. Calculate w(437).
14
Let a(c) = 808*c - 47696. Calculate a(59).
-24
Let c(q) = -4174*q + 8151. Determine c(2).
-197
Let l(h) = h**3 + 14*h**2 - 357*h - 5019. Give l(-14).
-21
Let y(o) = -o**2 + 10546*o + 1010873. Give y(-95).
-22
Let q(h) = 4*h**2 - 848*h - 1560. Calculate q(213).
-708
Let u(g) = 2199475*g - 15396344. Calculate u(7).
-19
Let h(r) = 75*r**2 - 2460*r + 2461. Calculate h(1).
76
Let k(t) = -t**3 - 519*t**2 - 67030*t + 48221. Calculate k(-271).
-17
Let r(a) = a**3 - 70*a**2 + 36*a - 12781. Calculate r(72).
179
Let k(s) = 13444*s - 1008433. What is k(75)?
-133
Let p(f) = -f**2 + 352*f - 12543. Calculate p(40).
-63
Let n(q) = 251*q - 57379. Calculate n(227).
-402
Let x(u) = u**2 - 260*u - 10038. Give x(-35).
287
Let b(x) = 8*x**2 - 1756*x - 136868. Determine b(-61).
16
Let z(v) = -24*v**3 - 14*v**2 - 7. What is z(2)?
-255
Let k(u) = -12*u**3 + 11*u**2 - 3*u + 31. Calculate k(3).
-203
Let r(w) = -83665*w + 167330. Calculate r(2).
0
Let s(m) = -m**3 - 68*m**2 - 1090*m + 62. Determine s(-33).
-2083
Let o(c) = -12*c**2 - 43*c + 53. Determine o(-11).
-926
Let q(n) = 8*n**3 + 60*n**2 - 659*n - 4663. What is q(-7)?
146
Let g(o) = -2*o**3 - 90*o**2 + 1787*o - 526. What is g(-60)?
254
Let y(z) = -z**2 + 1472*z + 28040. Calculate y(-19).
-289
Let a(d) = -d**2 - 71*d - 702. Determine a(-50).
348
Let n(g) = 17*g**3 + 187*g**2 + 9*g + 106. Determine n(-11).
7
Let f(h) = -h**3 + 642*h**2 + 58563*h - 46. What is f(723)?
-46
Let v(h) = 6991*h - 880886. Give v(126).
-20
Let n(v) = 3*v**2 - 434*v - 1097. Give n(147).
-68
Let p(k) = 7*k**3 - 71*k**2 + 7*k - 62. Give p(7).
-1091
Let i(s) = -s**3 - 3*s**2 - 44*s - 430. Give i(-8).
242
Let j(l) = -4*l**2 - 325*l + 107247. Give j(128).
111
Let l(q) = 64*q**2 + 219*q - 33. Determine l(-4).
115
Let v(h) = h**3 - 2628*h**2 - 18441*h - 1. Give v(-7).
-29
Let k(r) = 393*r + 79797. Determine k(-203).
18
Let a(n) = 4296*n + 12902. Determine a(-3).
14
Let m(c) = -c**3 - 2582*c - 127. Give m(0).
-127
Let z(d) = 24277*d - 291325. Determine z(12).
-1
Let d(x) = 248*x**3 + 4*x**2 + 5*x - 30. Calculate d(-2).
-2008
Let k(n) = -n**3 + 19*n**2 + 75*n + 412. What is k(23)?
21
Let z(h) = -788*h + 7158. Determine z(9).
66
Let c(w) = -4154*w - 228467. Calculate c(-55).
3
Let x(m) = 537*m + 6749. Give x(-13).
-232
Let d(x) = -x**2 - 16406*x + 1700426. Give d(103).
-1
Let y(k) = -2*k**2 - 451*k - 23623. Calculate y(-84).
149
Let h(x) = -6*x**2 + 181*x - 1380. What is h(8)?
-316
Let b(g) = -6*g**2 - 1956*g - 20192. Determine b(-314).
2416
Let r(d) = -d**3 - 65*d**2 - 828*d - 209. Calculate r(-17).
-5
Let s(h) = 12*h**3 + 32*h**2 - 90*h - 257. Calculate s(-3).
-23
Let l(n) = -1900*n - 579. Calculate l(2).
-4379
Let j(l) = -5*l**2 + 392*l + 4371. Give j(-11).
-546
Let h(f) = -6*f**2 - 105*f - 395. What is h(-11)?
34
Let o(n) = 1310*n - 11393. Give o(5).
-4843
Let o(h) = -h**3 - 13161*h**2 + 118527*h + 33. Give o(9).
6
Let l(y) = -y**3 - 76*y**2 - 211*y + 1075. Calculate l(-73).
491
Let n(q) = -11*q**3 - 8*q**2 - 847*q + 2529. Determine n(3).
-381
Let n(s) = -635*s - 6711. What is n(-10)?
-361
Let z(g) = 14*g**2 - 2228*g + 48683. What is z(133)?
5
Let i(a) = -4*a**2 + 303*a - 2586. Calculate i(66).
-12
Let z(b) = -1908*b - 169809. Calculate z(-89).
3
Let h(s) = s**3 + 47*s**2 - 189*s - 405. Calculate h(-51).
-1170
Let k(w) = -w**3 - w**2 - 6660*w - 19999. Calculate k(-3).
-1
Let y(s) = -5*s**3 + s**2 - 793*s + 3121. Determine y(4).
-355
Let n(m) = 17119*m + 171249. Give n(-10).
59
Let h(u) = 7279*u + 189303. Determine h(-26).
49
Let f(p) = -197*p**2 + 127858*p - 3249. What is f(649)?
-4
Let q(o) = 454*o - 26371. Give q(58).
-39
Let s(h) = -2*h**3 + 368*h**2 + 1564*h - 11276. What is s(188)?
4
Let p(u) = -5*u**3 - 1960*u**2 - 28270*u + 1878. Give p(-377).
-7
Let q(m) = m**3 + 30*m**2 + 40*m + 28. Calculate q(-28).
476
Let w(v) = -20*v**3 - 298*v**2 - 900*v + 801. What is w(-10)?
1
Let l(j) = 1011*j - 6397. Calculate l(3).
-3364
Let j(t) = -285*t**2 - 3571*t + 10562. Calculate j(-15).
2
Let y(d) = -1363*d + 31416. What is y(23)?
67
Let g(c) = -c**2 - 19554*c - 273615. What is g(-14)?
-55
Let d(a) = -a**3 + 333*a**2 - 904*a + 80099. Determine d(331).
-3
Let t(j) = 31*j**2 + 29551*j - 51567. Determine t(-955).
3
Let i(a) = -22*a**2 - 120*a + 411. Calculate i(5).
-739
Let m(t) = 65*t**2 - 848*t - 28. What is m(13)?
-67
Let r(a) = 3*a**2 - 2318*a - 45085. What is r(-19)?
40
Let j(h) = -2*h**3 - h**2 - 137*h - 867. Calculate j(-7).
729
Let s(t) = 1586*t - 12621. What is s(8)?
67
Let q(i) = -i**3 - 175*i**2 - 3869*i + 453. Determine q(-149).
-292
Let o(z) = -z**3 - 74*z**2 + 282*z - 2344. Give o(-78).
-4
Let s(y) = 595089*y - 4760713. What is s(8)?
-1
Let v(w) = -2*w**3 - 155*w**2 + 4249*w - 807. Calculate v(-99).
-15
Let h(g) = 14*g**3 + 71*g**2 + 96*g + 39. Determine h(-5).
-416
Let u(t) = -t**2 - 114*t + 24743. Calculate u(110).
103
Let s(d) = -13*d**3 - 90*d**2 - 59*d + 3. Determine s(-6).
-75
Let j(u) = -2*u**2 - 4292*u + 264713. Give j(60).
-7
Let t(u) = u**2 - 13953*u - 953417. What is t(-68)?
11
Let m(f) = f + 151. Calculate m(-224).
-73
Let w(t) = 29*t**2 - 134*t - 131. Calculate w(6).
109
Let w(g) = 4*g**2 - 1692*g - 48583. Determine w(450).
17
Let j(t) = -269*t - 17453. Give j(-65).
32
Let q(v) = -27*v**2 - 9*v + 28. What is q(-5)?
-602
Let z(b) = b**3 + 69*b**2 + 372*b - 269. Calculate z(-63).
109
Let u(q) = 6*q**2 + 26*q - 251. Determine u(15).
1489
Let h(f) = -6022*f + 36135. Give h(6).
3
Let 